38 and n.
38
Suppose 0 = -5*g + 42 - 17. Suppose 2*l - 279 = -2*u + 99, 0 = -2*u - l + 380. Suppose -g*o + u = -394. Calculate the greatest common factor of 13 and o.
13
Let m = 103 + -111. Let p(o) = -o**2 - 10*o + 4. Let a be p(m). Let d be 6/(-27) + (-1808)/(-36). Calculate the highest common factor of d and a.
10
Let p = 27358 - 25311. What is the greatest common factor of 207 and p?
23
Suppose 3*u - 2*u + 15 = 0. Let o = 29 + u. Suppose -4*t + 167 = -337. Calculate the greatest common divisor of t and o.
14
Let f = 715 - 710. Suppose -f = a, 2*a - 164 = -5*k - 54. What is the greatest common factor of 768 and k?
24
Suppose -24*p + 22*p = 9*p - 352. What is the highest common factor of 312 and p?
8
Let y(d) = -8*d + 9. Let o be y(0). Let h(v) = 5*v**3 - v**2 - 17*v - 6. Let f be h(3). What is the greatest common divisor of f and o?
3
Let g be (0 - -25) + (5 - 2). Let w(p) = p**3 + 15*p**2 + 13*p + 2. Let y be w(-4). What is the highest common factor of g and y?
14
Suppose -388 = -3*s + 3*t - 355, -5*s + 39 = 3*t. What is the greatest common divisor of s and 3933?
9
Suppose 4*o = 15*t - 11*t - 36, -3*t - 50 = 8*o. Calculate the highest common divisor of 382 and t.
2
Suppose 4*x + 3*l + 2*l - 16 = 0, x - l + 5 = 0. Let q(s) = -80*s + 2. Let v be q(x). What is the highest common divisor of v and 2?
2
Let s be (1 - 5) + (1 - (-10 - -3)). Suppose -s*r = 23*r - 6237. What is the highest common factor of r and 42?
21
Suppose 9 = -3*j, 3*t + 0*j - 5*j + 87 = 0. Let k = 76 + t. Calculate the greatest common factor of k and 14.
14
Let i be 3/15 - ((-16)/(-5))/(-4). Let y be -2*i/(-3) - 75/(-9). Suppose y*g + 9 = 90. What is the greatest common factor of 117 and g?
9
Suppose 18906 - 636 = 29*t. Calculate the greatest common divisor of 280 and t.
70
Let t = 3951 - 3874. Calculate the greatest common divisor of t and 979.
11
Suppose 5*k - 2*k = 27. Let h = k - -17. Let i = h - 14. Calculate the greatest common divisor of i and 96.
12
Let g(m) = 13*m**3 - m**2 + 4*m - 4. Let n = -122 + 124. Let k be g(n). Calculate the greatest common factor of 8 and k.
8
Let y = -489 - -355. Let a = y + 158. Calculate the highest common factor of a and 204.
12
Let u(x) = 2*x**2 + 79. Let h be u(0). Let a = h + -79. Let y be -3*((-10)/5 - a). What is the highest common factor of 42 and y?
6
Let i be (-3933)/138*((-57)/9 + -1). Calculate the greatest common divisor of 323 and i.
19
Let j(a) = 2*a**2 - 66*a + 294. Let d be j(36). What is the greatest common factor of 612 and d?
102
Suppose 21*k = -21*k + 14700. What is the highest common divisor of 950 and k?
50
Let n(m) = 2*m**2 - 16*m - 8. Let s be n(8). Let z = 52 + s. Let q = -20 + 24. Calculate the highest common factor of q and z.
4
Let h be (-8)/(-14) - (-16)/(-28). Suppose p - 5 = -h. Suppose -5*m - 3*q + 221 = -469, -650 = -p*m + 5*q. Calculate the highest common divisor of m and 30.
15
Let y be (-72)/(-3)*(621/46 - 4). What is the greatest common divisor of y and 2014?
38
Let c be 2 + 80/(-35) + 90/21. Suppose -q = -5*v - 184, c*v - 368 = -2*q + v. Calculate the greatest common divisor of 16 and q.
8
Suppose -5*j - 1267 = -2*f, 5*j + 1 = 26. Suppose 0 = 3*i - f - 1181. Calculate the greatest common divisor of i and 21.
21
Let m be 200/80*(-6)/105 - (-786)/14. What is the greatest common divisor of m and 49?
7
Let i = -4941 + 4974. What is the greatest common factor of 4004 and i?
11
Let h be 162 - (4 + (-10 - 32/(-8))). What is the highest common factor of 12 and h?
4
Let f(m) = -m**3 - 80*m**2 + 1998*m + 294. Let u be f(-100). What is the greatest common factor of 50 and u?
2
Suppose -3*i = -2*h - 8, 4*i = -h + 8 + 10. Suppose 5*s - 336 + 6 = 0. Suppose i*d - s = d. Calculate the highest common factor of 242 and d.
22
Let c(t) = -t**3 + 4*t**2 + 29*t - 13. Suppose 50 = -5*p + 3*l, 18*p - 4*l + 48 = 14*p. Let s be c(p). Calculate the highest common divisor of s and 19.
19
Let a(g) = 2*g**2 + 5*g + 6. Let w be a(-6). Suppose 3*x + 13 = 3*t - x, x = t - 3. Let c be (-2 - t) + 1*13/1. What is the highest common factor of c and w?
12
Suppose 61 - 41 = 5*j. Suppose j*o = -159 + 111. Let g be (-2)/12 - 194/o. What is the greatest common divisor of 112 and g?
16
Let n be (-1 + -1)*(-86)/4. Let h = 65 - n. Let p be (((-2030)/(-28))/(-29))/(30/(-1056)). What is the greatest common divisor of h and p?
22
Let o(z) = -z**2 + 84*z - 1474. Let p be o(57). Calculate the greatest common divisor of p and 465.
5
Let i(b) = -b**2 - b + 14. Let r(v) = -2*v**2 + 13*v - 6. Let j be r(6). Let y be i(j). Let c = y - 12. What is the greatest common divisor of c and 6?
2
Let k = 48946 - 48901. Let s = 2 - -13. Calculate the highest common factor of s and k.
15
Let g = 30878 - 30863. Calculate the highest common divisor of g and 4535.
5
Let l = -92 - -83. Let i be -2 - l/(-3) - -41. Calculate the highest common divisor of 396 and i.
36
Let l(t) = -t**3 + 14*t**2 + 12. Suppose 0*q + 10 = -q. Let v = q - -24. Let c be l(v). Calculate the greatest common factor of 12 and c.
12
Let b be (-104)/6*(5*(-55)/50 + 1). What is the greatest common divisor of 330 and b?
6
Let c be (-880)/2*(-102 + 99). What is the highest common divisor of 120 and c?
120
Let v(y) = 9*y**2. Let m be v(-2). Let b = 78 - 15. Let c = b - 9. Calculate the highest common divisor of c and m.
18
Suppose -2*i - 86 = -2*l, -4*i - 47 = -l + i. Let c = 917 + -749. What is the highest common divisor of c and l?
42
Let y(d) = -170*d + 2 + 354*d + 15*d**2 - 173*d. Let p be y(-6). What is the highest common factor of 51 and p?
17
Suppose 0 = k + 15*k - 976. Suppose k + 155 = 12*c. What is the highest common factor of c and 24?
6
Suppose 0 = 5*k + 2*q + 111 - 298, 3*k - 133 = 4*q. Let z(h) = 40*h**3 - 1. Let x = 109 + -108. Let j be z(x). Calculate the greatest common factor of k and j.
39
Let j(t) = -t**3 + 69*t**2 - 128*t + 172. Let g be j(26). Calculate the highest common divisor of 158 and g.
158
Suppose -7 = 5*p - 22. Suppose 2*b = -5*j + p, 4*b + 66 = 5*j - 3. Let o be 2 + (b/2)/((-11)/22). What is the greatest common factor of 26 and o?
13
Suppose 3*d + 9 = 0, -6 = 5*j + 3*d - 22. Suppose 693 = j*x - 147. What is the greatest common factor of 42 and x?
42
Let l = 115 - 281. Let n = l + 197. Let p = 238 + 103. Calculate the greatest common divisor of p and n.
31
Let b(l) = 25*l**2 + 13*l + 14. Let s be b(-5). Suppose -s = -22*a + 130. What is the greatest common factor of 40 and a?
8
Let s(d) = 5*d + 3*d - 47*d**2 - 36 + 29*d**2 + 19*d**2 - d. Let b be s(6). What is the highest common divisor of b and 322?
14
Let t(c) = 10*c**2 - 4*c + 3. Let y be t(4). Suppose -3*b + 201 + 93 = 7*h, -b + 78 = -h. What is the greatest common factor of y and b?
21
Suppose -5*r - 5520 = -13*r. What is the greatest common divisor of 138 and r?
138
Let b = 46 - 35. Let p(m) = m**2 + 9*m + 3. Let d be p(-9). Suppose d*q + 5*i - 9 = 29, 0 = 5*q - i - 54. Calculate the greatest common divisor of b and q.
11
Let s(m) = -7*m + 8. Let a be s(-6). Suppose 37*c - 83 = 28. Suppose -4*q - c*l = -3*q - 36, -q - 4*l = -38. What is the greatest common factor of q and a?
10
Suppose 97 = -4*b + 4*o + 25, 3*b - 4*o = -58. Let u be (-12)/14*(b + -7) + 0. What is the highest common factor of u and 18?
18
Let v(w) = -w**2 - 21*w + 4452. Let i be v(-78). What is the highest common divisor of i and 6654?
6
Let w(t) = t**2 + 39*t - 1278. Let s be w(22). Calculate the greatest common divisor of 3744 and s.
32
Let q be (0 - (-15)/(-5))*-1. Suppose -15 = -q*r - 3*l, 2*l - 4*l + 5 = r. Suppose r*d + 13 = 6*d. What is the greatest common factor of 117 and d?
13
Suppose 6 = 3*o, 4*x - 3*o = -0*x + 1310. Let z = -136 + x. Let v be z - 5*(-8)/(-10). Calculate the highest common divisor of v and 27.
27
Suppose -84*q = -529 - 227. Calculate the highest common divisor of 1413 and q.
9
Let h = -3931 - -3965. Calculate the highest common factor of 14 and h.
2
Suppose 3*t = 0, -2*q - 17 = 3*t - 115. Suppose 0 = 4*g - q + 9. Let v be (-10)/3*9/(-3). Calculate the highest common divisor of v and g.
10
Let w be (13 + 0)*1 - -4740. What is the greatest common factor of w and 49?
49
Let t(p) = -2605*p - 11814. Let n be t(-24). Calculate the highest common divisor of n and 162.
162
Let f(q) be the third derivative of -q**6/60 - q**5/1